{"id":58126,"date":"2023-10-04T08:33:15","date_gmt":"2023-10-04T06:33:15","guid":{"rendered":"https:\/\/www.stadler-schuhe.at\/?post_type=product&#038;p=58126"},"modified":"2026-04-29T13:25:26","modified_gmt":"2026-04-29T11:25:26","slug":"pendling-ii-sympatex","status":"publish","type":"product","link":"https:\/\/www.stadler-schuhe.at\/en\/schuhe\/wandern\/pendling-ii-sympatex\/","title":{"rendered":"Pendling II Sympatex"},"content":{"rendered":"","protected":false},"excerpt":{"rendered":"<p><img loading=\"lazy\" decoding=\"async\" class=\"alignnone wp-image-40007\" src=\"https:\/\/www.stadler-schuhe.at\/wp-content\/uploads\/2022\/11\/sympatex_lettering_4c_darkblue-scaled.jpg\" alt=\"Ausschnitt eines blauen Schilds mit wei\u00dfer Schrift, ideal f\u00fcr Stadler Schuhe in W\u00f6rgl.\" width=\"116\" height=\"29\" srcset=\"https:\/\/www.stadler-schuhe.at\/wp-content\/uploads\/2022\/11\/sympatex_lettering_4c_darkblue-scaled.jpg 2000w, https:\/\/www.stadler-schuhe.at\/wp-content\/uploads\/2022\/11\/sympatex_lettering_4c_darkblue-scaled-500x125.jpg 500w, https:\/\/www.stadler-schuhe.at\/wp-content\/uploads\/2022\/11\/sympatex_lettering_4c_darkblue-scaled-64x16.jpg 64w, https:\/\/www.stadler-schuhe.at\/wp-content\/uploads\/2022\/11\/sympatex_lettering_4c_darkblue-300x75.jpg 300w, https:\/\/www.stadler-schuhe.at\/wp-content\/uploads\/2022\/11\/sympatex_lettering_4c_darkblue-1024x256.jpg 1024w, https:\/\/www.stadler-schuhe.at\/wp-content\/uploads\/2022\/11\/sympatex_lettering_4c_darkblue-768x192.jpg 768w, https:\/\/www.stadler-schuhe.at\/wp-content\/uploads\/2022\/11\/sympatex_lettering_4c_darkblue-1536x384.jpg 1536w, https:\/\/www.stadler-schuhe.at\/wp-content\/uploads\/2022\/11\/sympatex_lettering_4c_darkblue-2048x512.jpg 2048w, https:\/\/www.stadler-schuhe.at\/wp-content\/uploads\/2022\/11\/sympatex_lettering_4c_darkblue-468x117.jpg 468w, https:\/\/www.stadler-schuhe.at\/wp-content\/uploads\/2022\/11\/sympatex_lettering_4c_darkblue-936x234.jpg 936w\" sizes=\"auto, (max-width: 116px) 100vw, 116px\" \/>\u00a0\u00a0 <img loading=\"lazy\" decoding=\"async\" class=\"alignnone size-full wp-image-8103\" src=\"https:\/\/www.stadler-schuhe.at\/wp-content\/uploads\/2015\/03\/vibram_logo.jpg\" alt=\"Vibram\" width=\"77\" height=\"50\" srcset=\"https:\/\/www.stadler-schuhe.at\/wp-content\/uploads\/2015\/03\/vibram_logo.jpg 77w, https:\/\/www.stadler-schuhe.at\/wp-content\/uploads\/2015\/03\/vibram_logo-64x42.jpg 64w\" sizes=\"auto, (max-width: 77px) 100vw, 77px\" \/> \u00a0 <a href=\"https:\/\/www.stadler-schuhe.at\/wp-content\/uploads\/2015\/03\/chromfrei.jpg\"><img loading=\"lazy\" decoding=\"async\" class=\"alignnone size-full wp-image-11669\" src=\"https:\/\/www.stadler-schuhe.at\/wp-content\/uploads\/2015\/03\/chromfrei.jpg\" alt=\"Stadler Schuhe W\u00f6rgl Logo mit braunem Leder-Symbol und Text \u201eFutterleder chromfrei\u201c, ideal f\u00fcr hochwertige, umweltfreundliche Schuhe aus W\u00f6rgl.\" width=\"75\" height=\"80\" srcset=\"https:\/\/www.stadler-schuhe.at\/wp-content\/uploads\/2015\/03\/chromfrei.jpg 75w, https:\/\/www.stadler-schuhe.at\/wp-content\/uploads\/2015\/03\/chromfrei-64x68.jpg 64w\" sizes=\"auto, (max-width: 75px) 100vw, 75px\" \/><\/a><\/p>\n<hr>\n<p><img loading=\"lazy\" decoding=\"async\" width=\"1640\" height=\"289\" class=\"alignnone wp-image-37075\" src=\"https:\/\/www.stadler-schuhe.at\/wp-content\/uploads\/2021\/11\/grossentabelle.jpg\" alt=\"Gr\u00f6\u00dfentabelle mit Schuhgr\u00f6\u00dfen, ideal f\u00fcr Stadler Schuhe in W\u00f6rgl, zeigt verschiedene EU-Gr\u00f6\u00dfen und Zwischengr\u00f6\u00dfen zur optimalen Auswahl von passendem Schuhwerk.\" srcset=\"https:\/\/www.stadler-schuhe.at\/wp-content\/uploads\/2021\/11\/grossentabelle.jpg 1640w, https:\/\/www.stadler-schuhe.at\/wp-content\/uploads\/2021\/11\/grossentabelle-500x88.jpg 500w, https:\/\/www.stadler-schuhe.at\/wp-content\/uploads\/2021\/11\/grossentabelle-64x11.jpg 64w, https:\/\/www.stadler-schuhe.at\/wp-content\/uploads\/2021\/11\/grossentabelle-300x53.jpg 300w, https:\/\/www.stadler-schuhe.at\/wp-content\/uploads\/2021\/11\/grossentabelle-1024x180.jpg 1024w, https:\/\/www.stadler-schuhe.at\/wp-content\/uploads\/2021\/11\/grossentabelle-768x135.jpg 768w, https:\/\/www.stadler-schuhe.at\/wp-content\/uploads\/2021\/11\/grossentabelle-1536x271.jpg 1536w, https:\/\/www.stadler-schuhe.at\/wp-content\/uploads\/2021\/11\/grossentabelle-468x82.jpg 468w, https:\/\/www.stadler-schuhe.at\/wp-content\/uploads\/2021\/11\/grossentabelle-936x165.jpg 936w\" sizes=\"auto, (max-width: 1640px) 100vw, 1640px\" \/><\/p>","protected":false},"featured_media":58192,"comment_status":"open","ping_status":"closed","template":"","meta":[],"product_brand":[],"product_cat":[451],"product_tag":[436,632,393,395,398,396,394,334,397,186],"class_list":{"0":"post-58126","1":"product","2":"type-product","3":"status-publish","4":"has-post-thumbnail","6":"product_cat-wandern","7":"product_tag-bergschuhe","8":"product_tag-pendling","9":"product_tag-schuhe","10":"product_tag-schuhe-oesterreich","11":"product_tag-schuhe-wandern","12":"product_tag-schuhe-wien","13":"product_tag-stadler-oesterreich","14":"product_tag-stadler-schuhe","15":"product_tag-trekkingschuh","16":"product_tag-walker","17":"pa_farbe-blau","18":"pa_farbe-gruen","19":"pa_farbe-pistazie","20":"pa_farbe-silber","21":"pa_fussbett-komfort-wechselfussbett","22":"pa_futtermaterial-sympatex-high-2-out","23":"pa_groessen-903","24":"pa_groessen-904","25":"pa_groessen-905","26":"pa_groessen-906","27":"pa_groessen-907","28":"pa_groessen-908","29":"pa_groessen-909","30":"pa_groessen-910","31":"pa_groessen-917","32":"pa_groessen-890","33":"pa_groessen-891","34":"pa_groessen-892","35":"pa_groessen-893","36":"pa_groessen-895","37":"pa_groessen-896","38":"pa_groessen-897","39":"pa_groessen-898","40":"pa_groessen-899","41":"pa_groessen-900","42":"pa_groessen-901","43":"pa_groessen-902","44":"pa_obermaterial-veloursleder-textil-kombination","45":"pa_sohle-vibram-tn333-gummi-eva-keil-2","47":"first","48":"instock","49":"sale","50":"taxable","51":"shipping-taxable","52":"purchasable","53":"product-type-variable","54":"wvs-archive-product-wrapper"},"_links":{"self":[{"href":"https:\/\/www.stadler-schuhe.at\/en\/wp-json\/wp\/v2\/product\/58126","targetHints":{"allow":["GET"]}}],"collection":[{"href":"https:\/\/www.stadler-schuhe.at\/en\/wp-json\/wp\/v2\/product"}],"about":[{"href":"https:\/\/www.stadler-schuhe.at\/en\/wp-json\/wp\/v2\/types\/product"}],"replies":[{"embeddable":true,"href":"https:\/\/www.stadler-schuhe.at\/en\/wp-json\/wp\/v2\/comments?post=58126"}],"wp:featuredmedia":[{"embeddable":true,"href":"https:\/\/www.stadler-schuhe.at\/en\/wp-json\/wp\/v2\/media\/58192"}],"wp:attachment":[{"href":"https:\/\/www.stadler-schuhe.at\/en\/wp-json\/wp\/v2\/media?parent=58126"}],"wp:term":[{"taxonomy":"product_brand","embeddable":true,"href":"https:\/\/www.stadler-schuhe.at\/en\/wp-json\/wp\/v2\/product_brand?post=58126"},{"taxonomy":"product_cat","embeddable":true,"href":"https:\/\/www.stadler-schuhe.at\/en\/wp-json\/wp\/v2\/product_cat?post=58126"},{"taxonomy":"product_tag","embeddable":true,"href":"https:\/\/www.stadler-schuhe.at\/en\/wp-json\/wp\/v2\/product_tag?post=58126"}],"curies":[{"name":"wp","href":"https:\/\/api.w.org\/{rel}","templated":true}]}}

<p><img loading="lazy" decoding="async" class="alignnone wp-image-40007" src="https://www.stadler-schuhe.at/wp-content/uploads/2022/11/sympatex_lettering_4c_darkblue-scaled.jpg" alt="Ausschnitt eines blauen Schilds mit weißer Schrift, ideal für Stadler Schuhe in Wörgl." width="116" height="29" srcset="https://www.stadler-schuhe.at/wp-content/uploads/2022/11/sympatex_lettering_4c_darkblue-scaled.jpg 2000w, https://www.stadler-schuhe.at/wp-content/uploads/2022/11/sympatex_lettering_4c_darkblue-scaled-500x125.jpg 500w, https://www.stadler-schuhe.at/wp-content/uploads/2022/11/sympatex_lettering_4c_darkblue-scaled-64x16.jpg 64w, https://www.stadler-schuhe.at/wp-content/uploads/2022/11/sympatex_lettering_4c_darkblue-300x75.jpg 300w, https://www.stadler-schuhe.at/wp-content/uploads/2022/11/sympatex_lettering_4c_darkblue-1024x256.jpg 1024w, https://www.stadler-schuhe.at/wp-content/uploads/2022/11/sympatex_lettering_4c_darkblue-768x192.jpg 768w, https://www.stadler-schuhe.at/wp-content/uploads/2022/11/sympatex_lettering_4c_darkblue-1536x384.jpg 1536w, https://www.stadler-schuhe.at/wp-content/uploads/2022/11/sympatex_lettering_4c_darkblue-2048x512.jpg 2048w, https://www.stadler-schuhe.at/wp-content/uploads/2022/11/sympatex_lettering_4c_darkblue-468x117.jpg 468w, https://www.stadler-schuhe.at/wp-content/uploads/2022/11/sympatex_lettering_4c_darkblue-936x234.jpg 936w" sizes="auto, (max-width: 116px) 100vw, 116px" />   <img loading="lazy" decoding="async" class="alignnone size-full wp-image-8103" src="https://www.stadler-schuhe.at/wp-content/uploads/2015/03/vibram_logo.jpg" alt="Vibram" width="77" height="50" srcset="https://www.stadler-schuhe.at/wp-content/uploads/2015/03/vibram_logo.jpg 77w, https://www.stadler-schuhe.at/wp-content/uploads/2015/03/vibram_logo-64x42.jpg 64w" sizes="auto, (max-width: 77px) 100vw, 77px" />   <a href="https://www.stadler-schuhe.at/wp-content/uploads/2015/03/chromfrei.jpg"><img loading="lazy" decoding="async" class="alignnone size-full wp-image-11669" src="https://www.stadler-schuhe.at/wp-content/uploads/2015/03/chromfrei.jpg" alt="Stadler Schuhe Wörgl Logo mit braunem Leder-Symbol und Text „Futterleder chromfrei“, ideal für hochwertige, umweltfreundliche Schuhe aus Wörgl." width="75" height="80" srcset="https://www.stadler-schuhe.at/wp-content/uploads/2015/03/chromfrei.jpg 75w, https://www.stadler-schuhe.at/wp-content/uploads/2015/03/chromfrei-64x68.jpg 64w" sizes="auto, (max-width: 75px) 100vw, 75px" /></a></p>
<hr>
<p><img loading="lazy" decoding="async" width="1640" height="289" class="alignnone wp-image-37075" src="https://www.stadler-schuhe.at/wp-content/uploads/2021/11/grossentabelle.jpg" alt="Größentabelle mit Schuhgrößen, ideal für Stadler Schuhe in Wörgl, zeigt verschiedene EU-Größen und Zwischengrößen zur optimalen Auswahl von passendem Schuhwerk." srcset="https://www.stadler-schuhe.at/wp-content/uploads/2021/11/grossentabelle.jpg 1640w, https://www.stadler-schuhe.at/wp-content/uploads/2021/11/grossentabelle-500x88.jpg 500w, https://www.stadler-schuhe.at/wp-content/uploads/2021/11/grossentabelle-64x11.jpg 64w, https://www.stadler-schuhe.at/wp-content/uploads/2021/11/grossentabelle-300x53.jpg 300w, https://www.stadler-schuhe.at/wp-content/uploads/2021/11/grossentabelle-1024x180.jpg 1024w, https://www.stadler-schuhe.at/wp-content/uploads/2021/11/grossentabelle-768x135.jpg 768w, https://www.stadler-schuhe.at/wp-content/uploads/2021/11/grossentabelle-1536x271.jpg 1536w, https://www.stadler-schuhe.at/wp-content/uploads/2021/11/grossentabelle-468x82.jpg 468w, https://www.stadler-schuhe.at/wp-content/uploads/2021/11/grossentabelle-936x165.jpg 936w" sizes="auto, (max-width: 1640px) 100vw, 1640px" /></p>
